{"id":10172,"date":"2025-05-08T15:31:13","date_gmt":"2025-05-08T15:31:13","guid":{"rendered":"https:\/\/www.mixikirjastus.ee\/?page_id=10172"},"modified":"2025-05-18T10:26:01","modified_gmt":"2025-05-18T10:26:01","slug":"tehtud-tood","status":"publish","type":"page","link":"https:\/\/www.mixikirjastus.ee\/index.php\/tehtud-tood\/","title":{"rendered":"Tehtud t\u00f6\u00f6d"},"content":{"rendered":"\n<p><style>\n    .wp-block-table.is-style-stripes,\n    .wp-block-table.is-style-stripes tbody,\n    .wp-block-table.is-style-stripes tr,\n    .wp-block-table.is-style-stripes td {\n        background: transparent !important;\n        box-shadow: none !important;\n    }\n\n    .wp-block-table.is-style-stripes table {\n        background: none !important;\n    }\n\n    .table-container {\n        width: 100%;\n        padding: 15px 0;\n        overflow: hidden;\n    }\n\n    \/* Grid Layout *\/\n    .wp-block-table table {\n        display: grid !important;\n        grid-template-columns: repeat(6, 1fr);\n        gap: 20px;\n        width: 100%;\n        max-width: 1540px;\n        margin: 0 auto;\n        padding:  0 50px;\n        box-sizing: border-box;\n    }\n\n    .wp-block-table tbody,\n    .wp-block-table tr {\n        display: contents !important;\n    }\n\n    .wp-block-table td {\n        display: flex !important;\n        flex-direction: column;\n        gap: 15px;\n        width: 100% !important;\n        min-width: 0 !important;\n        padding: 0 !important;\n        background: transparent;\n        border: none;\n        position: relative;\n    }\n\n    \/* Status Message Section *\/\n    .status-row {\n        grid-column: 1 \/ -1;\n        text-align: center;\n        margin-top: 30px;\n        padding-top: 30px !important;\n        border-top: 2px solid #eee;\n    }\n\n    \/* Image Styling *\/\n    .wp-block-table img {\n        width: 100% !important;\n        height: 320px !important;\n        object-fit: contain;\n        display: block;\n        margin: 0 auto;\n        border-radius: 4px;\n        transition: all 0.3s ease;\n        background: transparent;\n    }\n\n    .wp-block-table img:hover {\n        transform: scale(1.03);\n    }\n\n    \/* Button Styling *\/\n    .table-button {\n        display: block;\n        padding: 10px 20px;\n        border-radius: 6px;\n        background: #2663a6;\n        color: white !important;\n        text-decoration: none !important;\n        font-weight: 500;\n        transition: all 0.2s ease;\n        font-size: 0.95em;\n        width: 100%;\n        text-align: center;\n        box-sizing: border-box;\n    }\n\n    .table-button:hover {\n        background: #5c6166;\n        transform: translateY(-1px);\n    }\n\n    .status-message {\n        height: 320px;\n        display: flex;\n        align-items: center;\n        justify-content: center;\n        color: #718096;\n        font-style: italic;\n        font-size: 0.95em;\n    }\n\n    \/* Responsive Design *\/\n    @media (max-width: 1540px) {\n        .wp-block-table table {\n            grid-template-columns: repeat(5, 1fr);\n        }\n    }\n\n    @media (max-width: 1280px) {\n        .wp-block-table table {\n            grid-template-columns: repeat(4, 1fr);\n        }\n    }\n\n    @media (max-width: 1024px) {\n        .wp-block-table table {\n            grid-template-columns: repeat(3, 1fr);\n        }\n    }\n\n    @media (max-width: 767px) {\n        .wp-block-table table {\n            grid-template-columns: repeat(2, 1fr);\n            gap: 15px;\n        }\n        \n        .wp-block-table img {\n            height: 250px !important;\n        }\n    }\n\n    @media (max-width: 480px) {\n        .wp-block-table table {\n            grid-template-columns: 1fr;\n        }\n    }\n<\/style><\/p>\n\n<p class=\"has-text-align-center\" style=\"margin-top: -30px;\", >M\u00f5ned v\u00e4lja antud tellimused ja n\u00e4idised:<\/p>\n<p class=\"has-text-align-center\" style=\"margin-top: -25px;\">M\u00f5ningad on veebis osaliselt sirvitavad<\/p>\n\n\n\n<div class=\"wp-block-columns\">\n    <div class=\"wp-block-column\" style=\"flex-basis:100%\">\n        <div class=\"table-container is-layout-flex wp-container-core-columns-is-layout-9d6595d7 wp-block-columns-is-layout-flex\">\n            \n\n<figure class=\"wp-block-table aligncenter alignleft is-style-stripes\">\n                <table>\n                    <tbody>\n                        <!-- Main Items -->\n                        <tr>\n                            <!-- Item 1 -->\n                            <td class=\"has-text-align-center\" data-align=\"center\">\n                                <a href=\"https:\/\/www.mixikirjastus.ee\/index.php\/kiituskirjad\/\">\n                                    <img decoding=\"async\" src=\"http:\/\/www.mixikirjastus.ee\/wp-content\/uploads\/2025\/05\/Kiituskiri-1-358x500.jpg\" alt=\"Kiituskiri\">\n                                <\/a>\n                                <a href=\"https:\/\/www.mixikirjastus.ee\/index.php\/kiituskirjad\/\" class=\"table-button\">Kiituskirjad | Tunnistused<\/a>\n                            <\/td>\n\n                            <!-- Item 2 -->\n                            <td class=\"has-text-align-center\" data-align=\"center\">\n                                <a href=\"https:\/\/www.mixikirjastus.ee\/index.php\/aabits-veebilehel-sirvimine\/\">\n                                    <img decoding=\"async\" src=\"http:\/\/www.mixikirjastus.ee\/wp-content\/uploads\/2025\/05\/Aabits-kaaned-ja-sisu_Page_011-scaled-e1746885730601-389x500.jpg\" alt=\"Aabits\">\n                                <\/a>\n                                <a href=\"https:\/\/www.mixikirjastus.ee\/index.php\/aabits-veebilehel-sirvimine\/\" class=\"table-button\">Aabits<\/a>\n                            <\/td>\n\n                            <!-- Item 3 -->\n                            <td class=\"has-text-align-center\" data-align=\"center\">\n                                <a href=\"https:\/\/www.mixikirjastus.ee\/index.php\/aabitsa-toovihik\/\">\n                                    <img decoding=\"async\" src=\"http:\/\/www.mixikirjastus.ee\/wp-content\/uploads\/2025\/05\/Aabitsa-toovihik-veebilehele-sirvimine_Page_1-396x500.jpg\" alt=\"Aabitsa t\u00f6\u00f6vihik\">\n                                <\/a>\n                                <a href=\"https:\/\/www.mixikirjastus.ee\/index.php\/aabitsa-toovihik\/\" class=\"table-button\">Aabitsa t\u00f6\u00f6vihik<\/a>\n                            <\/td>\n\n                            <!-- Item 4 -->\n                            <td class=\"has-text-align-center\" data-align=\"center\">\n                                <a href=\"https:\/\/www.mixikirjastus.ee\/index.php\/saku-paevik\/\">\n                                    <img decoding=\"async\" src=\"https:\/\/www.mixikirjastus.ee\/wp-content\/uploads\/2025\/05\/SakuG_algklassipaevik_-kaaned1-459x650.jpg\" alt=\"P\u00e4evikud\">\n                                <\/a>\n                                <a href=\"https:\/\/www.mixikirjastus.ee\/index.php\/saku-paevik\/\" class=\"table-button\">P\u00e4evikud<\/a>\n                            <\/td>\n\n                            <!-- Item 5 -->\n                            <td class=\"has-text-align-center\" data-align=\"center\">\n                                <a href=\"https:\/\/www.mixikirjastus.ee\/index.php\/meie-aabits-juri\/\">\n                                    <img decoding=\"async\" src=\"https:\/\/www.mixikirjastus.ee\/wp-content\/uploads\/2025\/05\/J\u00fcri Meie Aabits1.jpg\" alt=\"Aabits\">\n                                <\/a>\n                                <a href=\"https:\/\/www.mixikirjastus.ee\/index.php\/meie-aabits-juri\/\" class=\"table-button\">Aabits<\/a>\n                            <\/td>\n\n                            <!-- Item 6 -->\n                            <td class=\"has-text-align-center\" data-align=\"center\">\n                                <a href=\"https:\/\/www.mixikirjastus.ee\/index.php\/raasiku-60\/\">\n                                    <img decoding=\"async\" src=\"https:\/\/www.mixikirjastus.ee\/wp-content\/uploads\/2025\/05\/Raasiku 60 kaaned1.jpg\" alt=\"Raamat\">\n                                <\/a>\n                                <a href=\"https:\/\/www.mixikirjastus.ee\/index.php\/raasiku-60\/\" class=\"table-button\">Raamat<\/a>\n                            <\/td>\n                            <!-- Item 7 -->\n                            <td class=\"has-text-align-center\" data-align=\"center\">\n                             \n                                    <img decoding=\"async\" src=\"https:\/\/www.mixikirjastus.ee\/wp-content\/uploads\/2025\/05\/Juri-Gumnaasiumi-40.-lend.png\" alt=\"L\u00f5puraamat\">\n                                <\/a>\n                                <a  class=\"table-button\">L\u00f5puraamat<\/a>\n                            <\/td>\n                            <!-- Item 8 -->\n                            <td class=\"has-text-align-center\" data-align=\"center\">\n                                <a href=\"https:\/\/www.mixikirjastus.ee\/index.php\/10692-2\/\">\n                                    <img decoding=\"async\" src=\"https:\/\/www.mixikirjastus.ee\/wp-content\/uploads\/2025\/05\/Kirjatehnika I osa kaas.png\" alt=\"T\u00f6\u00f6vihik\">\n                                <\/a>\n                                <a href=\"https:\/\/www.mixikirjastus.ee\/index.php\/10692-2\/\" class=\"table-button\">T\u00f6\u00f6vihik<\/a>\n                            <\/td>\n                        <\/tr>\n<!-- Item 9 -->\n <td class=\"has-text-align-center\" data-align=\"center\">\t \n <a href=\"https:\/\/www.mixikirjastus.ee\/index.php\/kirjatehnika-ii-3d-lugemine\/\">\t \n <img decoding=\"async\" src=\"https:\/\/www.mixikirjastus.ee\/wp-content\/uploads\/2025\/05\/Kirjatehnika II esikaas.png\" alt=\"T\u00f6\u00f6vihik II\">\t \n  <\/a>\t \n <a href=\"https:\/\/www.mixikirjastus.ee\/index.php\/kirjatehnika-ii-3d-lugemine\/\" class=\"table-button\">T\u00f6\u00f6vihik II<\/a>\t \n <\/td>\t \n <!-- Item 10 -->\n                            <td class=\"has-text-align-center\" data-align=\"center\">\n                                    <img decoding=\"async\" src=\"https:\/\/www.mixikirjastus.ee\/wp-content\/uploads\/2025\/05\/Opilastood-2022-esikaas-scaled.jpg\" alt=\"\u00d5pilast\u00f6\u00f6d\">\n                                <\/a>\n                                <a  class=\"table-button\">\u00d5pilast\u00f6\u00f6d<\/a>\n                            <\/td>\n                        <\/tr>\n                        <!-- Status Message Row -->\n                        <tr class=\"status-row\">\n                            <td class=\"has-text-align-center\" data-align=\"center\">\n                                <div class=\"status-message\">\n                                    Lisamisel\n                                <\/div>\n                                <span class=\"table-button\" style=\"cursor: default; background: #cbd5e0;\">M\u00e4ngud<\/span>\n                            <\/td>\n                        <\/tr>\n                    <\/tbody>\n                <\/table>\n            <\/figure>\n\n        <\/div>\n    <\/div>\n<\/div>\n\n\n\n<p>&nbsp;<\/p>\n","protected":false},"excerpt":{"rendered":"<p>M\u00f5ned v\u00e4lja antud tellimused ja n\u00e4idised: M\u00f5ningad on veebis osaliselt sirvitavad Kiituskirjad | Tunnistused Aabits Aabitsa t\u00f6\u00f6vihik P\u00e4evikud Aabits Raamat L\u00f5puraamat T\u00f6\u00f6vihik T\u00f6\u00f6vihik II \u00d5pilast\u00f6\u00f6d Lisamisel M\u00e4ngud &nbsp;<\/p>\n","protected":false},"author":1,"featured_media":0,"parent":0,"menu_order":0,"comment_status":"closed","ping_status":"closed","template":"","meta":{"iawp_total_views":18,"footnotes":""},"class_list":["post-10172","page","type-page","status-publish","hentry"],"_links":{"self":[{"href":"https:\/\/www.mixikirjastus.ee\/index.php\/wp-json\/wp\/v2\/pages\/10172","targetHints":{"allow":["GET"]}}],"collection":[{"href":"https:\/\/www.mixikirjastus.ee\/index.php\/wp-json\/wp\/v2\/pages"}],"about":[{"href":"https:\/\/www.mixikirjastus.ee\/index.php\/wp-json\/wp\/v2\/types\/page"}],"author":[{"embeddable":true,"href":"https:\/\/www.mixikirjastus.ee\/index.php\/wp-json\/wp\/v2\/users\/1"}],"replies":[{"embeddable":true,"href":"https:\/\/www.mixikirjastus.ee\/index.php\/wp-json\/wp\/v2\/comments?post=10172"}],"version-history":[{"count":5,"href":"https:\/\/www.mixikirjastus.ee\/index.php\/wp-json\/wp\/v2\/pages\/10172\/revisions"}],"predecessor-version":[{"id":10714,"href":"https:\/\/www.mixikirjastus.ee\/index.php\/wp-json\/wp\/v2\/pages\/10172\/revisions\/10714"}],"wp:attachment":[{"href":"https:\/\/www.mixikirjastus.ee\/index.php\/wp-json\/wp\/v2\/media?parent=10172"}],"curies":[{"name":"wp","href":"https:\/\/api.w.org\/{rel}","templated":true}]}}