{"id":105,"date":"2016-11-21T17:30:02","date_gmt":"2016-11-21T17:30:02","guid":{"rendered":"http:\/\/mixikirjastus.ee\/?post_type=product&#038;p=105"},"modified":"2025-11-19T17:50:13","modified_gmt":"2025-11-19T17:50:13","slug":"tabamata-ime","status":"publish","type":"product","link":"https:\/\/www.mixikirjastus.ee\/index.php\/toode\/tabamata-ime\/","title":{"rendered":"Tabamata ime"},"content":{"rendered":"","protected":false},"excerpt":{"rendered":"<p data-sourcepos=\"7:1-7:252\"><span style=\"font-family: 'book antiqua', palatino, serif; font-size: 105%;\">&#8220;Tabamata ime&#8221; on Eduard Vilde kirjutatud n\u00e4idend, mis r\u00e4\u00e4gib kunstnikust, kes unistab kuulsusest ja tunnustusest. Leo Saalep on noor pianist, kes on veendunud, et temast saab suur meister. Ta on valmis tegema k\u00f5ik endast oleneva, et oma unistus t\u00e4ita.<br \/>\n<\/span><span style=\"font-family: 'book antiqua', palatino, serif; font-size: 105%;\">Leo lahkub kodumaalt ja s\u00f5idab Euroopasse, et oma talenti n\u00e4idata. Ta annab kontserte ja esineb seltskonna\u00fcritustel. Kuid vaatamata oma pingutustele ei suuda ta leida edu. Ta on pettunud ja meeleheitel.<br \/>\n<\/span><span style=\"font-family: 'book antiqua', palatino, serif; font-size: 105%;\">L\u00f5puks m\u00f5istab Leo, et ta on otsinud imet sealt, kus seda ei ole. Ta p\u00f6\u00f6rdub tagasi kodumaale ja leiab \u00f5nne seal, kus ta seda k\u00f5ige v\u00e4hem ootas.<\/span><\/p>\n<p data-sourcepos=\"13:1-13:10\"><span style=\"font-family: 'book antiqua', palatino, serif; font-size: 105%;\"><strong>Teemad:<br \/>\n<\/strong><span style=\"color: #333333;\">Kunsti ja elu suhe, <\/span><span style=\"color: #333333;\">Kuulsuse ja tunnustuse otsimine, <\/span><span style=\"color: #333333;\">Pettumus ja meeleheide, <\/span><span style=\"color: #333333;\">Lootus ja \u00f5nn<\/span><\/span><\/p>\n<p data-sourcepos=\"20:1-20:24\"><span style=\"font-family: 'book antiqua', palatino, serif; font-size: 105%;\"><strong>Kirjanduslik v\u00e4\u00e4rtus:<br \/>\n<\/strong><\/span><span style=\"font-family: 'book antiqua', palatino, serif; font-size: 105%;\">&#8220;Tabamata ime&#8221; on Vilde \u00fcks tuntumaid ja armastatumaid n\u00e4idendeid. See on v\u00f5imas lugu kunstnikust, kes otsib oma kohta maailmas. N\u00e4idend on h\u00e4sti kirjutatud ja kaasahaarav. See on sobilik lugemiseks ja vaatamiseks nii t\u00e4iskasvanutele kui ka noortele.<\/span><\/p>\n<p data-sourcepos=\"20:1-20:24\"><em>K\u00f5vad kaaned<\/em><\/p>\n","protected":false},"featured_media":413,"comment_status":"closed","ping_status":"closed","template":"","meta":{"iawp_total_views":254},"product_brand":[],"product_cat":[23],"product_tag":[],"class_list":{"0":"post-105","1":"product","2":"type-product","3":"status-publish","4":"has-post-thumbnail","6":"product_cat-raamatud","8":"first","9":"instock","10":"taxable","11":"shipping-taxable","12":"purchasable","13":"product-type-simple"},"_links":{"self":[{"href":"https:\/\/www.mixikirjastus.ee\/index.php\/wp-json\/wp\/v2\/product\/105","targetHints":{"allow":["GET"]}}],"collection":[{"href":"https:\/\/www.mixikirjastus.ee\/index.php\/wp-json\/wp\/v2\/product"}],"about":[{"href":"https:\/\/www.mixikirjastus.ee\/index.php\/wp-json\/wp\/v2\/types\/product"}],"replies":[{"embeddable":true,"href":"https:\/\/www.mixikirjastus.ee\/index.php\/wp-json\/wp\/v2\/comments?post=105"}],"wp:featuredmedia":[{"embeddable":true,"href":"https:\/\/www.mixikirjastus.ee\/index.php\/wp-json\/wp\/v2\/media\/413"}],"wp:attachment":[{"href":"https:\/\/www.mixikirjastus.ee\/index.php\/wp-json\/wp\/v2\/media?parent=105"}],"wp:term":[{"taxonomy":"product_brand","embeddable":true,"href":"https:\/\/www.mixikirjastus.ee\/index.php\/wp-json\/wp\/v2\/product_brand?post=105"},{"taxonomy":"product_cat","embeddable":true,"href":"https:\/\/www.mixikirjastus.ee\/index.php\/wp-json\/wp\/v2\/product_cat?post=105"},{"taxonomy":"product_tag","embeddable":true,"href":"https:\/\/www.mixikirjastus.ee\/index.php\/wp-json\/wp\/v2\/product_tag?post=105"}],"curies":[{"name":"wp","href":"https:\/\/api.w.org\/{rel}","templated":true}]}}