{"id":166,"date":"2016-11-27T19:50:17","date_gmt":"2016-11-27T19:50:17","guid":{"rendered":"http:\/\/mixikirjastus.ee\/?post_type=product&#038;p=166"},"modified":"2024-06-14T08:45:22","modified_gmt":"2024-06-14T08:45:22","slug":"jankumang","status":"publish","type":"product","link":"https:\/\/www.mixikirjastus.ee\/index.php\/toode\/jankumang\/","title":{"rendered":"J\u00e4nkum\u00e4ng"},"content":{"rendered":"","protected":false},"excerpt":{"rendered":"<p><span style=\"font-family: 'times new roman', times, serif; font-size: 110%;\">Populaarne lauam\u00e4ng igale eale ehk kogu perele, arendab k\u00e4elist tegevust ja loogilist m\u00f5tlemist. M\u00e4ngus tuleb 36 kaardist kokku seada kuue j\u00e4nese figuurid. Kelle j\u00e4nku saab k\u00f5ige pikem ja uhkem, see on v\u00f5itja. Abiks on ka t\u00e4ring. Korraga saab m\u00e4ngida 2\u20136 osav\u00f5tjat. Aga m\u00e4ngida v\u00f5ib isegi p\u00e4ris \u00fcksi.<\/span><\/p>\n<p style=\"text-align: center;\"><span style=\"font-family: 'times new roman', times, serif; font-size: 110%;\"><strong>J\u00e4nkum\u00e4ng<\/strong><\/span><\/p>\n<p><span style=\"font-family: 'times new roman', times, serif; font-size: 110%;\">M\u00e4ng sisaldab 36 kaarti, millest saab moodustada 6 j\u00e4nese figuuri. Kaardi vasakul serval on kaardi number ja paremal t\u00e4ringu punktide arv. Iga figuur koosneb kuuest kaardist, mille vasakul serval on numbrid 1-6 (\u00fchest kuueni). Paremal pool olevad t\u00e4ringunumbrid aga annavadki punktide arvu. Nii n\u00e4iteks on m\u00e4nguj\u00e4nese kaardi osa 6 t\u00e4ringunumbriga 1 k\u00f5ige l\u00fchem, samas k\u00f5ige pikem kaardiosa 6 t\u00e4ringunumbiga 6.<\/span><\/p>\n<p><span style=\"font-family: 'times new roman', times, serif; font-size: 110%;\">M\u00e4ngu alguses pannakse kaardid numbrite kaupa kuude hunnikusse.<\/span><\/p>\n<p><span style=\"font-family: 'times new roman', times, serif; font-size: 110%;\">M\u00e4ng koosneb kuuest ringist. Iga m\u00e4ngija saab endale kaardi vastavalt sellele, millise tulemuse ta t\u00e4ringut veeretades sai. Kui saadud punktiarvuga kaart on juba kellegi k\u00e4es, v\u00f5ib veeretada uuesti, kuni saab vaba kaardi. Esimene ring kestab senikaua, kuni iga m\u00e4ngija on saanud kaardi numbriga <strong>1<\/strong>. Seej\u00e4rel algab teine ring, kus iga m\u00e4ngija saab kaardi nr.<strong>2<\/strong>, siis kolmas ring kaardi nr.<strong>3<\/strong>, neljas ring kaardi nr.<strong>4<\/strong>, viies ring kaardi nr.<strong>5<\/strong> ja kuues ring kaardi nr.<strong>6<\/strong>.<\/span><\/p>\n<p><span style=\"font-family: 'times new roman', times, serif; font-size: 110%;\">M\u00e4ngu eesm\u00e4rk on kuue t\u00e4ringuveeretamise ringi jooksul alt \u00fcles kokku panna pikim kuuest kaardist koosnev j\u00e4nese kuju. Alati peale t\u00e4ringu veeretamist moodustub uus j\u00e4nes, seda vastavalt numbrile t\u00e4ringul.<\/span><\/p>\n<p><span style=\"font-family: 'times new roman', times, serif; font-size: 110%;\">V\u00f5itja on m\u00e4ngija, kelle punktisumma on k\u00f5ige suurem ehk kelle m\u00e4nguj\u00e4nes(m\u00e4nguj\u00e4nesed) on k\u00f5ige pikem(pikemad).<\/span><\/p>\n","protected":false},"featured_media":461,"comment_status":"closed","ping_status":"closed","template":"","meta":{"iawp_total_views":155},"product_brand":[],"product_cat":[32,18],"product_tag":[],"class_list":{"0":"post-166","1":"product","2":"type-product","3":"status-publish","4":"has-post-thumbnail","6":"product_cat-mangud","7":"product_cat-mangud-ja-oppematerjalid","9":"first","10":"instock","11":"taxable","12":"shipping-taxable","13":"purchasable","14":"product-type-simple"},"_links":{"self":[{"href":"https:\/\/www.mixikirjastus.ee\/index.php\/wp-json\/wp\/v2\/product\/166","targetHints":{"allow":["GET"]}}],"collection":[{"href":"https:\/\/www.mixikirjastus.ee\/index.php\/wp-json\/wp\/v2\/product"}],"about":[{"href":"https:\/\/www.mixikirjastus.ee\/index.php\/wp-json\/wp\/v2\/types\/product"}],"replies":[{"embeddable":true,"href":"https:\/\/www.mixikirjastus.ee\/index.php\/wp-json\/wp\/v2\/comments?post=166"}],"wp:featuredmedia":[{"embeddable":true,"href":"https:\/\/www.mixikirjastus.ee\/index.php\/wp-json\/wp\/v2\/media\/461"}],"wp:attachment":[{"href":"https:\/\/www.mixikirjastus.ee\/index.php\/wp-json\/wp\/v2\/media?parent=166"}],"wp:term":[{"taxonomy":"product_brand","embeddable":true,"href":"https:\/\/www.mixikirjastus.ee\/index.php\/wp-json\/wp\/v2\/product_brand?post=166"},{"taxonomy":"product_cat","embeddable":true,"href":"https:\/\/www.mixikirjastus.ee\/index.php\/wp-json\/wp\/v2\/product_cat?post=166"},{"taxonomy":"product_tag","embeddable":true,"href":"https:\/\/www.mixikirjastus.ee\/index.php\/wp-json\/wp\/v2\/product_tag?post=166"}],"curies":[{"name":"wp","href":"https:\/\/api.w.org\/{rel}","templated":true}]}}