{"id":171,"date":"2016-11-27T19:53:13","date_gmt":"2016-11-27T19:53:13","guid":{"rendered":"http:\/\/mixikirjastus.ee\/?post_type=product&#038;p=171"},"modified":"2020-08-23T10:50:23","modified_gmt":"2020-08-23T10:50:23","slug":"ladudes-opin-matemaatikat","status":"publish","type":"product","link":"https:\/\/www.mixikirjastus.ee\/index.php\/toode\/ladudes-opin-matemaatikat\/","title":{"rendered":"Ladudes \u00f5pin matemaatikat"},"content":{"rendered":"","protected":false},"excerpt":{"rendered":"<p><em>Virge Haidak<\/em><\/p>\n<p>T\u00f6\u00f6lehed on m\u00f5eldud abimaterjaliks matemaatiliste m\u00f5istete tutvustamisel ja \u00f5petamisel alates 3-aastastele lastele.<br \/>\nT\u00f6\u00f6lehtede abil saab tutvuda ja tundma \u00f5ppida tasapinnalisi kujundeid.<br \/>\nT\u00f6\u00f6 k\u00e4igus lapsed r\u00fchmitavad, j\u00e4rjestavad ja v\u00f5rdlevad kujundeid v\u00e4rvuse, suuruse ja kuju j\u00e4rgi.<br \/>\nT\u00f6\u00f6lehed abistavad last arvude maailmast kujutluse loomisel ja esemete asukoha m\u00e4\u00e4ramisel.<\/p>\n","protected":false},"featured_media":8438,"comment_status":"closed","ping_status":"closed","template":"","meta":{"iawp_total_views":67},"product_brand":[],"product_cat":[32,18],"product_tag":[],"class_list":{"0":"post-171","1":"product","2":"type-product","3":"status-publish","4":"has-post-thumbnail","6":"product_cat-mangud","7":"product_cat-mangud-ja-oppematerjalid","9":"first","10":"instock","11":"taxable","12":"shipping-taxable","13":"purchasable","14":"product-type-simple"},"_links":{"self":[{"href":"https:\/\/www.mixikirjastus.ee\/index.php\/wp-json\/wp\/v2\/product\/171","targetHints":{"allow":["GET"]}}],"collection":[{"href":"https:\/\/www.mixikirjastus.ee\/index.php\/wp-json\/wp\/v2\/product"}],"about":[{"href":"https:\/\/www.mixikirjastus.ee\/index.php\/wp-json\/wp\/v2\/types\/product"}],"replies":[{"embeddable":true,"href":"https:\/\/www.mixikirjastus.ee\/index.php\/wp-json\/wp\/v2\/comments?post=171"}],"wp:featuredmedia":[{"embeddable":true,"href":"https:\/\/www.mixikirjastus.ee\/index.php\/wp-json\/wp\/v2\/media\/8438"}],"wp:attachment":[{"href":"https:\/\/www.mixikirjastus.ee\/index.php\/wp-json\/wp\/v2\/media?parent=171"}],"wp:term":[{"taxonomy":"product_brand","embeddable":true,"href":"https:\/\/www.mixikirjastus.ee\/index.php\/wp-json\/wp\/v2\/product_brand?post=171"},{"taxonomy":"product_cat","embeddable":true,"href":"https:\/\/www.mixikirjastus.ee\/index.php\/wp-json\/wp\/v2\/product_cat?post=171"},{"taxonomy":"product_tag","embeddable":true,"href":"https:\/\/www.mixikirjastus.ee\/index.php\/wp-json\/wp\/v2\/product_tag?post=171"}],"curies":[{"name":"wp","href":"https:\/\/api.w.org\/{rel}","templated":true}]}}