{"id":173,"date":"2016-11-27T19:54:34","date_gmt":"2016-11-27T19:54:34","guid":{"rendered":"http:\/\/mixikirjastus.ee\/?post_type=product&#038;p=173"},"modified":"2021-03-27T18:37:43","modified_gmt":"2021-03-27T18:37:43","slug":"lobus-matemaatika","status":"publish","type":"product","link":"https:\/\/www.mixikirjastus.ee\/index.php\/toode\/lobus-matemaatika\/","title":{"rendered":"L\u00f5bus matemaatika"},"content":{"rendered":"","protected":false},"excerpt":{"rendered":"<p><span style=\"font-family: 'times new roman', times, serif; font-size: 120%;\">\u201eL\u00f5bus matemaatika\u201c on lauam\u00e4ng, mida saab m\u00e4ngida nii \u00fcksi kui ka korraga kuuekesi. M\u00e4ng koosneb <strong>36 erinevate piltidega<\/strong> numbrikaardist ja kuuest pappalusest, kuhu saab kaarte laduda. Ainus tingimus on see, et tuleb <strong>10 piires osata liita ja lahutada<\/strong>. Kellel matemaatika k\u00f5ige paremini selge, see on v\u00f5itja.<\/span><\/p>\n<p>&nbsp;<\/p>\n","protected":false},"featured_media":457,"comment_status":"closed","ping_status":"closed","template":"","meta":{"iawp_total_views":192},"product_brand":[],"product_cat":[32,18],"product_tag":[],"class_list":{"0":"post-173","1":"product","2":"type-product","3":"status-publish","4":"has-post-thumbnail","6":"product_cat-mangud","7":"product_cat-mangud-ja-oppematerjalid","9":"first","10":"instock","11":"taxable","12":"shipping-taxable","13":"purchasable","14":"product-type-simple"},"_links":{"self":[{"href":"https:\/\/www.mixikirjastus.ee\/index.php\/wp-json\/wp\/v2\/product\/173","targetHints":{"allow":["GET"]}}],"collection":[{"href":"https:\/\/www.mixikirjastus.ee\/index.php\/wp-json\/wp\/v2\/product"}],"about":[{"href":"https:\/\/www.mixikirjastus.ee\/index.php\/wp-json\/wp\/v2\/types\/product"}],"replies":[{"embeddable":true,"href":"https:\/\/www.mixikirjastus.ee\/index.php\/wp-json\/wp\/v2\/comments?post=173"}],"wp:featuredmedia":[{"embeddable":true,"href":"https:\/\/www.mixikirjastus.ee\/index.php\/wp-json\/wp\/v2\/media\/457"}],"wp:attachment":[{"href":"https:\/\/www.mixikirjastus.ee\/index.php\/wp-json\/wp\/v2\/media?parent=173"}],"wp:term":[{"taxonomy":"product_brand","embeddable":true,"href":"https:\/\/www.mixikirjastus.ee\/index.php\/wp-json\/wp\/v2\/product_brand?post=173"},{"taxonomy":"product_cat","embeddable":true,"href":"https:\/\/www.mixikirjastus.ee\/index.php\/wp-json\/wp\/v2\/product_cat?post=173"},{"taxonomy":"product_tag","embeddable":true,"href":"https:\/\/www.mixikirjastus.ee\/index.php\/wp-json\/wp\/v2\/product_tag?post=173"}],"curies":[{"name":"wp","href":"https:\/\/api.w.org\/{rel}","templated":true}]}}