{"id":187,"date":"2016-11-27T20:44:46","date_gmt":"2016-11-27T20:44:46","guid":{"rendered":"http:\/\/mixikirjastus.ee\/?post_type=product&#038;p=187"},"modified":"2026-04-23T10:04:16","modified_gmt":"2026-04-23T10:04:16","slug":"oppekell","status":"publish","type":"product","link":"https:\/\/www.mixikirjastus.ee\/index.php\/toode\/oppekell\/","title":{"rendered":"\u00d5ppekell"},"content":{"rendered":"","protected":false},"excerpt":{"rendered":"<p><span style=\"font-family: 'times new roman', times, serif; font-size: 110%;\">See on k\u00f5vast papist alusel plastmassist osutitega kell. M\u00f5\u00f5dud on 15&#215;15 cm. Kuna osutid on liigutatavad, saab sellega lastele kellatundmist \u00f5petada. Aga vajadusel saab selle ka autosse parkimiskellaks v\u00f5tta.<\/span><\/p>\n<p><em>Kell saadaval tellimisel<\/em><\/p>\n","protected":false},"featured_media":486,"comment_status":"closed","ping_status":"closed","template":"","meta":{"iawp_total_views":102},"product_brand":[],"product_cat":[18,33],"product_tag":[],"class_list":{"0":"post-187","1":"product","2":"type-product","3":"status-publish","4":"has-post-thumbnail","6":"product_cat-mangud-ja-oppematerjalid","7":"product_cat-oppematerjalid","9":"first","10":"instock","11":"taxable","12":"shipping-taxable","13":"product-type-simple"},"_links":{"self":[{"href":"https:\/\/www.mixikirjastus.ee\/index.php\/wp-json\/wp\/v2\/product\/187","targetHints":{"allow":["GET"]}}],"collection":[{"href":"https:\/\/www.mixikirjastus.ee\/index.php\/wp-json\/wp\/v2\/product"}],"about":[{"href":"https:\/\/www.mixikirjastus.ee\/index.php\/wp-json\/wp\/v2\/types\/product"}],"replies":[{"embeddable":true,"href":"https:\/\/www.mixikirjastus.ee\/index.php\/wp-json\/wp\/v2\/comments?post=187"}],"wp:featuredmedia":[{"embeddable":true,"href":"https:\/\/www.mixikirjastus.ee\/index.php\/wp-json\/wp\/v2\/media\/486"}],"wp:attachment":[{"href":"https:\/\/www.mixikirjastus.ee\/index.php\/wp-json\/wp\/v2\/media?parent=187"}],"wp:term":[{"taxonomy":"product_brand","embeddable":true,"href":"https:\/\/www.mixikirjastus.ee\/index.php\/wp-json\/wp\/v2\/product_brand?post=187"},{"taxonomy":"product_cat","embeddable":true,"href":"https:\/\/www.mixikirjastus.ee\/index.php\/wp-json\/wp\/v2\/product_cat?post=187"},{"taxonomy":"product_tag","embeddable":true,"href":"https:\/\/www.mixikirjastus.ee\/index.php\/wp-json\/wp\/v2\/product_tag?post=187"}],"curies":[{"name":"wp","href":"https:\/\/api.w.org\/{rel}","templated":true}]}}