{"id":43,"date":"2016-11-20T20:32:04","date_gmt":"2016-11-20T20:32:04","guid":{"rendered":"http:\/\/mixikirjastus.ee\/?post_type=product&#038;p=43"},"modified":"2025-11-19T17:51:35","modified_gmt":"2025-11-19T17:51:35","slug":"kulmale-maale","status":"publish","type":"product","link":"https:\/\/www.mixikirjastus.ee\/index.php\/toode\/kulmale-maale\/","title":{"rendered":"K\u00fclmale Maale"},"content":{"rendered":"","protected":false},"excerpt":{"rendered":"<p><span style=\"font-family: 'book antiqua', palatino, serif; font-size: 110%;\">Eduard Vilde romaan &#8220;K\u00fclmale maale&#8221; r\u00e4\u00e4gib 19. sajandi l\u00f5puk\u00fcmnendi Eesti k\u00fclas elava noore kehviktalupoeg V\u00e4ljaotsa Jaani lugu. Jaan elab koos ema ja kolme v\u00e4ikese \u00f5e-vennaga vaesunud popsisaunas. Ta teeb heal j\u00e4rjel oleva k\u00fclavanema Virgu Andrese jaoks juhut\u00f6id, aga pere toitmiseks sellest ei piisa.<\/span><\/p>\n<p data-sourcepos=\"13:1-13:27\"><span style=\"font-family: 'book antiqua', palatino, serif; font-size: 110%;\"><strong>Romaani peamised teemad<\/strong><\/span><\/p>\n<ul data-sourcepos=\"15:1-18:0\">\n<li data-sourcepos=\"15:1-15:52\"><span style=\"font-family: 'book antiqua', palatino, serif; font-size: 110%;\">Eesti maaelu vaesus ja eba\u00f5iglus 19. sajandi l\u00f5pul<\/span><\/li>\n<li data-sourcepos=\"16:1-16:24\"><span style=\"font-family: 'book antiqua', palatino, serif; font-size: 110%;\">Armastus ja selle j\u00f5ud<\/span><\/li>\n<li data-sourcepos=\"17:1-18:0\"><span style=\"font-family: 'book antiqua', palatino, serif; font-size: 110%;\">Noore inimese valikuid piiravad raskused<\/span><\/li>\n<\/ul>\n<p data-sourcepos=\"13:1-13:202\"><span style=\"font-family: 'book antiqua', palatino, serif; font-size: 110%;\">&#8220;K\u00fclmale maale&#8221; on realistlik romaan, mis kujutab Eesti maaelu vaesust ja eba\u00f5iglust 19. sajandi l\u00f5pul. Teos on ka armastuslugu, mis n\u00e4itab, kuidas armastus v\u00f5ib inimest raskest olukorrast v\u00e4lja aidata.<\/span><\/p>\n<p data-sourcepos=\"15:1-15:95\"><span style=\"font-family: 'book antiqua', palatino, serif; font-size: 110%;\">Romaan on olnud Eesti kirjanduses v\u00e4ga m\u00f5jukas. Seda on korduvalt ekraniseeritud ja lavastatud.<\/span><\/p>\n<p><span style=\"font-family: 'book antiqua', palatino, serif; font-size: 110%;\"><em>K\u00f5vad kaaned<\/em><\/span><\/p>\n","protected":false},"featured_media":414,"comment_status":"closed","ping_status":"closed","template":"","meta":{"iawp_total_views":63},"product_brand":[],"product_cat":[23],"product_tag":[],"class_list":{"0":"post-43","1":"product","2":"type-product","3":"status-publish","4":"has-post-thumbnail","6":"product_cat-raamatud","8":"first","9":"instock","10":"taxable","11":"shipping-taxable","12":"purchasable","13":"product-type-simple"},"_links":{"self":[{"href":"https:\/\/www.mixikirjastus.ee\/index.php\/wp-json\/wp\/v2\/product\/43","targetHints":{"allow":["GET"]}}],"collection":[{"href":"https:\/\/www.mixikirjastus.ee\/index.php\/wp-json\/wp\/v2\/product"}],"about":[{"href":"https:\/\/www.mixikirjastus.ee\/index.php\/wp-json\/wp\/v2\/types\/product"}],"replies":[{"embeddable":true,"href":"https:\/\/www.mixikirjastus.ee\/index.php\/wp-json\/wp\/v2\/comments?post=43"}],"wp:featuredmedia":[{"embeddable":true,"href":"https:\/\/www.mixikirjastus.ee\/index.php\/wp-json\/wp\/v2\/media\/414"}],"wp:attachment":[{"href":"https:\/\/www.mixikirjastus.ee\/index.php\/wp-json\/wp\/v2\/media?parent=43"}],"wp:term":[{"taxonomy":"product_brand","embeddable":true,"href":"https:\/\/www.mixikirjastus.ee\/index.php\/wp-json\/wp\/v2\/product_brand?post=43"},{"taxonomy":"product_cat","embeddable":true,"href":"https:\/\/www.mixikirjastus.ee\/index.php\/wp-json\/wp\/v2\/product_cat?post=43"},{"taxonomy":"product_tag","embeddable":true,"href":"https:\/\/www.mixikirjastus.ee\/index.php\/wp-json\/wp\/v2\/product_tag?post=43"}],"curies":[{"name":"wp","href":"https:\/\/api.w.org\/{rel}","templated":true}]}}