{"id":455,"date":"2017-08-28T19:40:10","date_gmt":"2017-08-28T19:40:10","guid":{"rendered":"http:\/\/mixikirjastus.ee\/?post_type=product&#038;p=455"},"modified":"2017-12-17T20:28:18","modified_gmt":"2017-12-17T20:28:18","slug":"musta-mantliga-mehed","status":"publish","type":"product","link":"https:\/\/www.mixikirjastus.ee\/index.php\/toode\/musta-mantliga-mehed\/","title":{"rendered":"Musta mantliga mehed"},"content":{"rendered":"","protected":false},"excerpt":{"rendered":"<p>Eduard Vildet v\u00f5ib pidada Eesti krimi- ja p\u00f5nevusjuttude alusepanijaks. Juba 17-aastase noore mehena (aastal 1882) kirjutas ta oma esikteose, kriminaalse p\u00f5nevusjutu &#8220;Kurjal teel&#8221;. Kirjastajale k\u00e4skkiri meeldis ja see andis noorele autorile t\u00f5uke kirjutada esimesele suleproovile kohe teine j\u00e4rgi. Nii s\u00fcndiski (aastal 1883) jutustus pealkirjaga &#8220;Musta mantliga mees&#8221;.<\/p>\n<p>Raamatus on autori 125.aastap\u00e4eva puhul toimunud kirjutamise v\u00f5istlusel parimad t\u00f6\u00f6d v\u00e4lja valitud.<\/p>\n","protected":false},"featured_media":456,"comment_status":"closed","ping_status":"closed","template":"","meta":{"iawp_total_views":8},"product_brand":[],"product_cat":[23],"product_tag":[],"class_list":{"0":"post-455","1":"product","2":"type-product","3":"status-publish","4":"has-post-thumbnail","6":"product_cat-raamatud","8":"first","9":"instock","10":"taxable","11":"shipping-taxable","12":"purchasable","13":"product-type-simple"},"_links":{"self":[{"href":"https:\/\/www.mixikirjastus.ee\/index.php\/wp-json\/wp\/v2\/product\/455","targetHints":{"allow":["GET"]}}],"collection":[{"href":"https:\/\/www.mixikirjastus.ee\/index.php\/wp-json\/wp\/v2\/product"}],"about":[{"href":"https:\/\/www.mixikirjastus.ee\/index.php\/wp-json\/wp\/v2\/types\/product"}],"replies":[{"embeddable":true,"href":"https:\/\/www.mixikirjastus.ee\/index.php\/wp-json\/wp\/v2\/comments?post=455"}],"wp:featuredmedia":[{"embeddable":true,"href":"https:\/\/www.mixikirjastus.ee\/index.php\/wp-json\/wp\/v2\/media\/456"}],"wp:attachment":[{"href":"https:\/\/www.mixikirjastus.ee\/index.php\/wp-json\/wp\/v2\/media?parent=455"}],"wp:term":[{"taxonomy":"product_brand","embeddable":true,"href":"https:\/\/www.mixikirjastus.ee\/index.php\/wp-json\/wp\/v2\/product_brand?post=455"},{"taxonomy":"product_cat","embeddable":true,"href":"https:\/\/www.mixikirjastus.ee\/index.php\/wp-json\/wp\/v2\/product_cat?post=455"},{"taxonomy":"product_tag","embeddable":true,"href":"https:\/\/www.mixikirjastus.ee\/index.php\/wp-json\/wp\/v2\/product_tag?post=455"}],"curies":[{"name":"wp","href":"https:\/\/api.w.org\/{rel}","templated":true}]}}