{"id":8455,"date":"2020-08-23T13:53:27","date_gmt":"2020-08-23T13:53:27","guid":{"rendered":"https:\/\/www.mixikirjastus.ee\/?post_type=product&#038;p=8455"},"modified":"2022-09-19T08:50:04","modified_gmt":"2022-09-19T08:50:04","slug":"tahtpaevad","status":"publish","type":"product","link":"https:\/\/www.mixikirjastus.ee\/index.php\/toode\/tahtpaevad\/","title":{"rendered":"T\u00e4htp\u00e4evad"},"content":{"rendered":"","protected":false},"excerpt":{"rendered":"<div><span style=\"font-family: 'times new roman', times, serif; font-size: 110%;\">T\u00e4htp\u00e4evad\u201c on <strong>kuuest pildist<\/strong> koosnev jutupiltide sari, mis keskendub vanarahva kalendrile. Pildid pajatavad kevadp\u00fchast, jaanip\u00e4evast, vastlap\u00e4evast, kadri- ja mardip\u00e4evast ning j\u00f5uludest. Uue pildina on lisatud v\u00f5idup\u00fcha.<\/span><\/div>\n<div><span style=\"font-family: 'times new roman', times, serif; font-size: 110%;\">Pildid on joonistatud tugevast papist alusele( A4 ), neid saab lastele n\u00e4idata v\u00f5i k\u00e4tte anda.<\/span><\/div>\n<div><span style=\"font-family: 'times new roman', times, serif; font-size: 110%;\">Piltide tagak\u00fcljel on lihtsad tekstid, mis on j\u00f5ukohased lastel ise lugemiseks ja j\u00e4rele jutustamiseks.<\/span><\/div>\n<div><\/div>\n<div><\/div>\n","protected":false},"featured_media":8466,"comment_status":"closed","ping_status":"closed","template":"","meta":{"iawp_total_views":97},"product_brand":[],"product_cat":[18,33],"product_tag":[],"class_list":{"0":"post-8455","1":"product","2":"type-product","3":"status-publish","4":"has-post-thumbnail","6":"product_cat-mangud-ja-oppematerjalid","7":"product_cat-oppematerjalid","9":"first","10":"instock","11":"taxable","12":"shipping-taxable","13":"purchasable","14":"product-type-simple"},"_links":{"self":[{"href":"https:\/\/www.mixikirjastus.ee\/index.php\/wp-json\/wp\/v2\/product\/8455","targetHints":{"allow":["GET"]}}],"collection":[{"href":"https:\/\/www.mixikirjastus.ee\/index.php\/wp-json\/wp\/v2\/product"}],"about":[{"href":"https:\/\/www.mixikirjastus.ee\/index.php\/wp-json\/wp\/v2\/types\/product"}],"replies":[{"embeddable":true,"href":"https:\/\/www.mixikirjastus.ee\/index.php\/wp-json\/wp\/v2\/comments?post=8455"}],"wp:featuredmedia":[{"embeddable":true,"href":"https:\/\/www.mixikirjastus.ee\/index.php\/wp-json\/wp\/v2\/media\/8466"}],"wp:attachment":[{"href":"https:\/\/www.mixikirjastus.ee\/index.php\/wp-json\/wp\/v2\/media?parent=8455"}],"wp:term":[{"taxonomy":"product_brand","embeddable":true,"href":"https:\/\/www.mixikirjastus.ee\/index.php\/wp-json\/wp\/v2\/product_brand?post=8455"},{"taxonomy":"product_cat","embeddable":true,"href":"https:\/\/www.mixikirjastus.ee\/index.php\/wp-json\/wp\/v2\/product_cat?post=8455"},{"taxonomy":"product_tag","embeddable":true,"href":"https:\/\/www.mixikirjastus.ee\/index.php\/wp-json\/wp\/v2\/product_tag?post=8455"}],"curies":[{"name":"wp","href":"https:\/\/api.w.org\/{rel}","templated":true}]}}