{"id":8468,"date":"2020-08-23T21:43:58","date_gmt":"2020-08-23T21:43:58","guid":{"rendered":"https:\/\/www.mixikirjastus.ee\/?post_type=product&#038;p=8468"},"modified":"2024-04-17T08:28:59","modified_gmt":"2024-04-17T08:28:59","slug":"sonakaardid","status":"publish","type":"product","link":"https:\/\/www.mixikirjastus.ee\/index.php\/toode\/sonakaardid\/","title":{"rendered":"S\u00f5nakaardid"},"content":{"rendered":"","protected":false},"excerpt":{"rendered":"<p><span style=\"font-family: 'times new roman', times, serif; font-size: 110%;\">S\u00f5nakaardid on \u00f5ppevahendite komplekt, milles on sedelid aastaaegade, kuude nimetuste ja n\u00e4dalap\u00e4evadega.<\/span><\/p>\n<p><span style=\"font-family: 'times new roman', times, serif; font-size: 110%;\">S\u00f5nakaardid on kirjutatud <strong>lakitud paberile<\/strong>.<\/span><\/p>\n<p><span style=\"font-family: 'times new roman', times, serif; font-size: 110%;\">Komplekt sobib suurep\u00e4raselt lasteaia vanustele lastele.<\/span><\/p>\n<p><span style=\"font-family: 'times new roman', times, serif; font-size: 110%;\">Komplektis on <strong>23 s\u00f5nakaarti<\/strong><\/span><br \/>\n<span style=\"font-family: 'times new roman', times, serif; font-size: 110%;\">Nelja erineva v\u00e4rviga: <strong>sinine, punane, kollane, roheline<\/strong><\/span><\/p>\n<p><span style=\"font-family: 'times new roman', times, serif; font-size: 110%;\">S\u00f5nakaardid on kahes suuruses, pikemad s\u00f5nad on <strong>47cm x 7cm<\/strong> ja l\u00fchemad <strong>25cm x 7cm<br \/>\n<\/strong><\/span><br \/>\n<span style=\"font-family: 'times new roman', times, serif; font-size: 110%;\">Tellides kaks komplekti on \u00fche komplekti hind <strong>5\u20ac<\/strong>, kolme tellimisel langeb \u00fche komplekti hind <strong>4\u20ac<\/strong> peale.<\/span><\/p>\n<p><span style=\"font-family: 'times new roman', times, serif; font-size: 110%;\"><em>Hinnale lisandub <strong>9 %<\/strong> k\u00e4ibemaks<\/em><\/span><\/p>\n","protected":false},"featured_media":8478,"comment_status":"closed","ping_status":"closed","template":"","meta":{"iawp_total_views":871},"product_brand":[],"product_cat":[18,33],"product_tag":[],"class_list":{"0":"post-8468","1":"product","2":"type-product","3":"status-publish","4":"has-post-thumbnail","6":"product_cat-mangud-ja-oppematerjalid","7":"product_cat-oppematerjalid","9":"first","10":"instock","11":"taxable","12":"shipping-taxable","13":"purchasable","14":"product-type-simple"},"_links":{"self":[{"href":"https:\/\/www.mixikirjastus.ee\/index.php\/wp-json\/wp\/v2\/product\/8468","targetHints":{"allow":["GET"]}}],"collection":[{"href":"https:\/\/www.mixikirjastus.ee\/index.php\/wp-json\/wp\/v2\/product"}],"about":[{"href":"https:\/\/www.mixikirjastus.ee\/index.php\/wp-json\/wp\/v2\/types\/product"}],"replies":[{"embeddable":true,"href":"https:\/\/www.mixikirjastus.ee\/index.php\/wp-json\/wp\/v2\/comments?post=8468"}],"wp:featuredmedia":[{"embeddable":true,"href":"https:\/\/www.mixikirjastus.ee\/index.php\/wp-json\/wp\/v2\/media\/8478"}],"wp:attachment":[{"href":"https:\/\/www.mixikirjastus.ee\/index.php\/wp-json\/wp\/v2\/media?parent=8468"}],"wp:term":[{"taxonomy":"product_brand","embeddable":true,"href":"https:\/\/www.mixikirjastus.ee\/index.php\/wp-json\/wp\/v2\/product_brand?post=8468"},{"taxonomy":"product_cat","embeddable":true,"href":"https:\/\/www.mixikirjastus.ee\/index.php\/wp-json\/wp\/v2\/product_cat?post=8468"},{"taxonomy":"product_tag","embeddable":true,"href":"https:\/\/www.mixikirjastus.ee\/index.php\/wp-json\/wp\/v2\/product_tag?post=8468"}],"curies":[{"name":"wp","href":"https:\/\/api.w.org\/{rel}","templated":true}]}}