{"id":86,"date":"2016-11-21T16:34:05","date_gmt":"2016-11-21T16:34:05","guid":{"rendered":"http:\/\/mixikirjastus.ee\/?post_type=product&#038;p=86"},"modified":"2025-06-12T15:37:27","modified_gmt":"2025-06-12T15:37:27","slug":"novelle","status":"publish","type":"product","link":"https:\/\/www.mixikirjastus.ee\/index.php\/toode\/novelle\/","title":{"rendered":"Novelle"},"content":{"rendered":"","protected":false},"excerpt":{"rendered":"<p><em><span style=\"font-family: 'book antiqua', palatino, serif; font-size: 110%;\">Friedebert Tuglas<\/span><\/em><\/p>\n<p><span style=\"font-family: 'book antiqua', palatino, serif; font-size: 110%;\">\u201eKooli kirjavara\u201c rubriigis ilmuv eesti kirjanduse klassiku Friedebert Tuglase novellikogu sisaldab viit kirjaniku tuntumat novelli:<\/span><\/p>\n<p><span style=\"font-family: 'book antiqua', palatino, serif; font-size: 110%;\"> \u201e<strong>Hingemaa<\/strong>\u201c &#8211; Lugu r\u00e4\u00e4gib noorest mehest, kes satub p\u00e4rast surma hingamaale. Hingemaa on kaunis ja rahulik paik, kus valitseb igavene kevad.<br \/>\n\u201e<strong>Toome helbed<\/strong>\u201c &#8211; Lugu r\u00e4\u00e4gib noorest naisest, kes on armunud vanasse meisse. Vana mees on tark ja kogenud, kuid ta on ka haige ja suremas.<br \/>\n\u201e<strong>Suve\u00f6\u00f6 armastus<\/strong>\u201c &#8211; Lugu r\u00e4\u00e4gib kahest noorest inimesest, kes armuvad suve\u00f6\u00f6l. Nad kohtuvad metsas, kus nad tantsivad ja laulavad.<br \/>\n\u201e<strong>Popi ja Huhuu<\/strong>\u201c &#8211; Lugu r\u00e4\u00e4gib kahest s\u00f5brast, Popist ja Huhuust. Popi on julge ja seiklushimuline nooruk, Huhuu aga on tagasihoidlik ja kartlik.<br \/>\n\u201e<strong>Inimese vari<\/strong>\u201c &#8211; Lugu r\u00e4\u00e4gib noorest mehest, kes on oma varjuga konfliktis. Noor mees on ambitsioonikas ja ta soovib saavutada suurt edu. Tema vari aga on pessimistlik ja ta hoiatab meest, et ta ei tohiks oma v\u00f5imeid \u00fcle hinnata.<\/span><\/p>\n<p><span style=\"font-family: 'book antiqua', palatino, serif; font-size: 110%;\"><em>K\u00f5vad kaaned<\/em><\/span><\/p>\n","protected":false},"featured_media":87,"comment_status":"closed","ping_status":"closed","template":"","meta":{"iawp_total_views":215},"product_brand":[],"product_cat":[23],"product_tag":[],"class_list":{"0":"post-86","1":"product","2":"type-product","3":"status-publish","4":"has-post-thumbnail","6":"product_cat-raamatud","8":"first","9":"instock","10":"taxable","11":"shipping-taxable","12":"product-type-simple"},"_links":{"self":[{"href":"https:\/\/www.mixikirjastus.ee\/index.php\/wp-json\/wp\/v2\/product\/86","targetHints":{"allow":["GET"]}}],"collection":[{"href":"https:\/\/www.mixikirjastus.ee\/index.php\/wp-json\/wp\/v2\/product"}],"about":[{"href":"https:\/\/www.mixikirjastus.ee\/index.php\/wp-json\/wp\/v2\/types\/product"}],"replies":[{"embeddable":true,"href":"https:\/\/www.mixikirjastus.ee\/index.php\/wp-json\/wp\/v2\/comments?post=86"}],"wp:featuredmedia":[{"embeddable":true,"href":"https:\/\/www.mixikirjastus.ee\/index.php\/wp-json\/wp\/v2\/media\/87"}],"wp:attachment":[{"href":"https:\/\/www.mixikirjastus.ee\/index.php\/wp-json\/wp\/v2\/media?parent=86"}],"wp:term":[{"taxonomy":"product_brand","embeddable":true,"href":"https:\/\/www.mixikirjastus.ee\/index.php\/wp-json\/wp\/v2\/product_brand?post=86"},{"taxonomy":"product_cat","embeddable":true,"href":"https:\/\/www.mixikirjastus.ee\/index.php\/wp-json\/wp\/v2\/product_cat?post=86"},{"taxonomy":"product_tag","embeddable":true,"href":"https:\/\/www.mixikirjastus.ee\/index.php\/wp-json\/wp\/v2\/product_tag?post=86"}],"curies":[{"name":"wp","href":"https:\/\/api.w.org\/{rel}","templated":true}]}}