{"id":9934,"date":"2025-01-22T10:15:10","date_gmt":"2025-01-22T10:15:10","guid":{"rendered":"https:\/\/www.mixikirjastus.ee\/?post_type=product&#038;p=9934"},"modified":"2025-01-27T09:40:09","modified_gmt":"2025-01-27T09:40:09","slug":"kusimused-ja-vastused-3","status":"publish","type":"product","link":"https:\/\/www.mixikirjastus.ee\/index.php\/toode\/kusimused-ja-vastused-3\/","title":{"rendered":"&#8220;K\u00fcsimused ja vastused&#8221; 100 k\u00fcsimust"},"content":{"rendered":"","protected":false},"excerpt":{"rendered":"<p>Lehek\u00fclgi : 3 x 24 lk<br \/>\nFormaat: 130 x 195<br \/>\nK\u00f6ide: Klamberk\u00f6ide<\/p>\n<p>Kolmest \u201cK\u00fcsimused ja vastused\u201d tootest sisalduv komplekt.<\/p>\n<p>4. klassi loodus\u00f5petuse ainekavade teemade p\u00f5hjal. 100 loodus\u00f5petuse k\u00fcsimust: P\u00e4ikeses\u00fcsteem, Maa v\u00e4lis- ja siseehitus, geograafilised kaardid, elu mitmekesisus Maal, inimese organism ja inimene looduse \u00fclds\u00fcsteemis.<\/p>\n<p>5. klassi loodus\u00f5petuse ainekavade teemade p\u00f5hjal. 100 loodus\u00f5petuse k\u00fcsimust: j\u00f5gi ja j\u00e4rv, vesi kui elukeskkond, vesi kui aine, vee kasutamine ning kaitse, asula, Eesti pinnamood ja soo.<\/p>\n<p>6. klassi loodus\u00f5petuse ainekavade teemade p\u00f5hjal. 100 loodus\u00f5petuse k\u00fcsimust: muld, kui v\u00e4ga oluline ainekiht, aed, metsat\u00fc\u00fcbid, metsade kasutamine ja kaitse, \u00f5hu omadused ja t\u00e4htsus Maa elustikus, L\u00e4\u00e4nemeri, elukeskkond, loodus- ja keskkonnakaitse Eestis.<\/p>\n<p><span style=\"font-family: 'times new roman', times, serif; font-size: 110%;\"><em><span style=\"color: #282828;\">Hinnale lisandub k\u00e4ibemaks 9%<\/span>.<\/em><\/span><\/p>\n","protected":false},"featured_media":9939,"comment_status":"closed","ping_status":"closed","template":"","meta":{"iawp_total_views":1096},"product_brand":[],"product_cat":[33],"product_tag":[],"class_list":{"0":"post-9934","1":"product","2":"type-product","3":"status-publish","4":"has-post-thumbnail","6":"product_cat-oppematerjalid","8":"first","9":"instock","10":"taxable","11":"shipping-taxable","12":"purchasable","13":"product-type-woosb"},"_links":{"self":[{"href":"https:\/\/www.mixikirjastus.ee\/index.php\/wp-json\/wp\/v2\/product\/9934","targetHints":{"allow":["GET"]}}],"collection":[{"href":"https:\/\/www.mixikirjastus.ee\/index.php\/wp-json\/wp\/v2\/product"}],"about":[{"href":"https:\/\/www.mixikirjastus.ee\/index.php\/wp-json\/wp\/v2\/types\/product"}],"replies":[{"embeddable":true,"href":"https:\/\/www.mixikirjastus.ee\/index.php\/wp-json\/wp\/v2\/comments?post=9934"}],"wp:featuredmedia":[{"embeddable":true,"href":"https:\/\/www.mixikirjastus.ee\/index.php\/wp-json\/wp\/v2\/media\/9939"}],"wp:attachment":[{"href":"https:\/\/www.mixikirjastus.ee\/index.php\/wp-json\/wp\/v2\/media?parent=9934"}],"wp:term":[{"taxonomy":"product_brand","embeddable":true,"href":"https:\/\/www.mixikirjastus.ee\/index.php\/wp-json\/wp\/v2\/product_brand?post=9934"},{"taxonomy":"product_cat","embeddable":true,"href":"https:\/\/www.mixikirjastus.ee\/index.php\/wp-json\/wp\/v2\/product_cat?post=9934"},{"taxonomy":"product_tag","embeddable":true,"href":"https:\/\/www.mixikirjastus.ee\/index.php\/wp-json\/wp\/v2\/product_tag?post=9934"}],"curies":[{"name":"wp","href":"https:\/\/api.w.org\/{rel}","templated":true}]}}